*x - 15. Is (-333)/6*(-52)/a prime?
False
Let i = 24567 + -2698. Is i prime?
False
Suppose q - 14109 = -v, 3*q = 3*v + 37464 + 4887. Is q prime?
False
Let k = -1773 + 8542. Is k a prime number?
False
Let r be (-6)/(-2) - 1*(-2 - -2). Suppose -r*x - 2*d = -117, -2*x = x - 4*d - 99. Is x a composite number?
False
Let k be 2/(-9) - (-2)/9. Suppose -10*n + 6*n + 8 = k. Suppose n*v + 2*s - 46 = 0, v = 5*v + 2*s - 84. Is v composite?
False
Let l = 12881 + 42970. Is l a composite number?
True
Suppose 2*f = 2, 0*f - 3*f = 2*o + 11. Let j(g) = -11 - 9*g - 9*g - 2*g + 14*g. Is j(o) composite?
False
Let x = 19 - 71. Let r = 505 - x. Is r prime?
True
Suppose 0 = -6*c + 46 - 28. Suppose c*h - 2613 = -720. Is h a composite number?
False
Let d(l) = -2334*l**3 - 4*l - 5. Is d(-1) composite?
False
Let i = -14 + 24. Let t(x) = 35*x + 21. Is t(i) composite?
True
Let u(o) = 13*o**2 - 30*o + 151. Is u(10) a prime number?
True
Suppose 4*v + 25 = 5*v. Let g be 160/v + 4/(-10). Is (-2 - (-15)/g)*22 prime?
True
Suppose -4*n = -4*a + 42232, -3*a + 2*n - 52769 = -8*a. Is a composite?
True
Is (34520/(-4))/((-2 + 0)*1) a composite number?
True
Let r(u) = -84*u + 11. Let b be ((-10)/3)/(2/(-3)). Let x be r(b). Is (-7 - -6) + (1 - x) a composite number?
False
Let d(o) = 2*o**2 - o. Let m be d(2). Let u = -3 - -1. Is ((-105)/m - 4)*u a composite number?
False
Let p = -2191 - -898. Let s = 1984 + p. Is s composite?
False
Let g be 3*-1*(-7)/(-3). Let t(f) = -2*f**3 + 3*f**2 - f - 8. Let i(n) = 4*n**3 - 8*n**2 + 2*n + 17. Let h(c) = 3*i(c) + 7*t(c). Is h(g) a prime number?
True
Let w be (-9)/((-27)/(-2))*18. Is w/(-72) + (-2237)/(-6) a composite number?
False
Suppose 3*w + 56 = -w. Let q be (-4)/w + (-6)/21. Suppose q*x = x - 7. Is x prime?
True
Let a(c) = c**2 - 1. Let f be a(-1). Is ((-4)/4)/(f + (-4)/1324) composite?
False
Let k = -877 + 877. Let t be ((-92)/3)/((-4)/(-30)). Is (-5 - k) + 1 - t a prime number?
False
Let o(j) = j**2 + 10*j - 8. Let u be o(-10). Is (-9)/(-36) + (-198)/u a prime number?
False
Let h = 23217 + -5948. Is h a prime number?
False
Suppose 7*k = -2 + 23. Suppose -842 - 232 = -k*w. Is w prime?
False
Let v be 386/4 + (-1)/(-2). Let k be 2/5 + 72/20. Suppose v - 333 = -k*s. Is s prime?
True
Suppose 102514 = 2*a + 16588. Is a composite?
True
Suppose 3*i - 536 = -41. Suppose 5*k - 434 = 5*a + k, -4*a - 3*k = 341. Let m = a + i. Is m prime?
True
Is (95/60*4)/(6/12618) a prime number?
False
Suppose 12*s = 34*s - 70378. Is s a prime number?
False
Let c = 93879 + -18868. Is c a prime number?
True
Let q = -5 + 7. Let z = 2 - q. Is 3 - (z - -3) - -37 prime?
True
Is ((-1)/(3/(-37266)))/2 composite?
False
Let v(y) = -2*y - 4. Let w be v(-4). Suppose -g + w*g = 48. Is -1 + g/3*24 a prime number?
True
Let i(b) be the first derivative of -207*b**4 + 2*b**3/3 + b**2/2 - 16. Is i(-1) composite?
False
Suppose 0 = 5*w + 4*h - 52101, w + 13*h - 10422 = 14*h. Is w composite?
True
Let p = 1775 - 2991. Let g be 2/6 - p/(-3). Let u = g - -592. Is u a prime number?
False
Let m(g) = -58*g - 25. Let k(z) = 5*z + 8. Let y be k(-4). Is m(y) a composite number?
True
Let r = 33 - 22. Suppose r*p - 5*p = 12. Suppose -p*b - 100 = -1914. Is b composite?
False
Suppose 91*q = 13*q + 307866. Is q composite?
False
Let x be (3*3)/(8/(-280)). Let g = -112 - x. Suppose 0*o - g = -o - 5*f, 0 = -4*o + 2*f + 702. Is o prime?
False
Let u(x) = 2*x**3 - 9*x**2 - 4*x - 5. Let i be (2 - 2 - 2) + (-10)/(-1). Is u(i) a composite number?
True
Let r(b) be the third derivative of -109*b**5/60 - 5*b**4/24 - 2*b**3/3 + 6*b**2. Let x be r(-4). Let f = -487 - x. Is f a composite number?
True
Let j = 13 + -1. Let t be 9*(0 - (-2)/3). Is (t - j/3) + 165 composite?
False
Let i = 4166 + -1993. Is i composite?
True
Let n(q) = 7*q + 163 - 188 + q + q**2. Is n(-12) a composite number?
False
Suppose 0 = -50*y + 47*y + 270. Suppose 2*d = 10, y = -5*c - 2*d + 515. Is c composite?
False
Suppose 0 = 3*h + 9, -4*h = -3*c - 18808 - 434. Is 8/(-12) - c/6 prime?
True
Let n = 53308 + -22217. Is n a prime number?
True
Let g(i) = 3*i - 31. Let w be g(7). Let d(j) = -12*j - 3 - 1 + j. Is d(w) prime?
False
Let r(m) = -120*m - 10. Let d be r(-6). Suppose 2*w = -3*w + 2*p + 1799, 0 = -2*w - 4*p + d. Let u = 618 - w. Is u a composite number?
True
Let u(t) = 2*t**2 - 2. Let a be u(6). Suppose 4*c = -c + a. Let i = c - -32. Is i prime?
False
Let x(c) be the third derivative of 1/3*c**4 - 5/6*c**3 + 5*c**2 - 1/60*c**5 + 0 + 0*c. Is x(5) a prime number?
False
Suppose 2*k + 2*t - 308 = 0, -t = 3*k - 357 - 113. Suppose 3*f - 28 = k. Let j = f - 11. Is j prime?
False
Let t(a) = 4*a**2 + 19*a + 2. Let w be t(16). Suppose 5*u - w = -h, 0 = u + h - 62 - 200. Is u composite?
True
Suppose -3*r = -4*x - 2199, -5*r + 3665 = -0*x + 3*x. Is r a prime number?
True
Let o(q) = q**2 - 14*q + 15. Let p be o(13). Let r be 3 - 1/(p - 1). Suppose -576 = -r*y + 5*w, 2*y - 4*y = -2*w - 582. Is y prime?
True
Suppose 2*i - 2*k - 10 = 0, -3*i - 2*k + 11 + 14 = 0. Let z = i - 4. Is z/(-2 + (-118)/(-58)) a prime number?
False
Let j = 21 + -14. Suppose j*z - 5*z = 298. Is z a prime number?
True
Suppose 48 = 2*d + 2*d. Suppose -4*p = s - d, -5*p + 2 = -5*s - 13. Suppose 2*i = -p*i + 3*x + 170, i - 3*x - 22 = 0. Is i prime?
True
Suppose -i + 5*b + 7217 = 0, -5*i + 2*i + b = -21581. Let z = -3527 + i. Is z prime?
False
Let l(a) = a**2 - 1. Let s(n) = n**3 - 12*n**2 - n + 6. Let o(v) = -3*l(v) - s(v). Is o(8) a composite number?
True
Let b(l) = -7*l**2 + l**2 + 2*l - 2 - l**3 - 3*l. Let a be b(-6). Is (-37530)/(-50) + a/10 a prime number?
True
Let z = -5113 + 8490. Is z a composite number?
True
Suppose -766 = -4*q + 3*a + 554, 2*a - 1650 = -5*q. Suppose 193 = -v - 16. Let k = v + q. Is k a composite number?
True
Let t(a) = -a**3 - 6*a**2 - a - 2. Let m(u) = -2*u**2 - 5*u - 3. Let j be m(-3). Let x be t(j). Suppose -o + x = 2, 31 = 5*g - 2*o. Is g composite?
False
Suppose -19 + 11 = -4*r. Suppose -8 - 198 = -r*y. Is y a prime number?
True
Suppose f - k = 16, 2*f + 4*k - 20 = 2*k. Let q = 13 - f. Suppose 0 = 5*w + x - 954, -2*w + 0*x - 5*x + 377 = q. Is w composite?
False
Suppose -28*w = -24*w - 5856. Let y = w + -263. Is y composite?
False
Let g = -179 + 256. Suppose 73*k = g*k - 628. Is k composite?
False
Suppose 5*h - 23 = 32. Suppose -3 + h = 2*k. Let o(j) = -j**3 + 9*j**2 + j - 2. Is o(k) a prime number?
False
Let y = 483 - 1010. Let z = y - -1648. Is z prime?
False
Let a(q) = 17*q**2 - q - 24. Let y be a(9). Suppose y = 6*v - 1530. Is v a prime number?
True
Let h(b) = -b**3 + 20*b**2 + 2*b - 20. Let x be h(20). Is 1/(-4) - (-8925)/x a prime number?
False
Is ((-86648)/(-12))/(26/39) composite?
False
Suppose 2*m + 0 = -12. Let x be 53/2 + 3/m. Suppose x = u - 56. Is u composite?
True
Suppose -5*c + 26 = 5*u - 9, 3*c - 25 = -5*u. Suppose -10 = u*q, 3*z - 5*q = -0*z + 229. Suppose 216 = 2*x + z. Is x a prime number?
False
Suppose 683*k = 681*k + 235446. Is k composite?
True
Let z be 1/6*6*-1709. Let x = 4414 + z. Is x composite?
True
Suppose 0 = -5*c - 3*b + 7*b + 24441, -c + 4865 = 5*b. Is c a prime number?
False
Let l = 12 + 1. Suppose -h + 87 = l. Is h a composite number?
True
Suppose -3*f = -o + 1519, -4*f - 3*o - 2012 = -7*o. Is (f/8)/((-3)/6) prime?
True
Let y(v) be the third derivative of v**5/20 - v**4/2 + 7*v**3/3 - 5*v**2. Is y(-9) prime?
False
Let p = 170 - 274. Let d = 511 + p. Suppose -5*a + 4*k = -d, -3*a + 2*a + 81 = -k. Is a a composite number?
False
Let a = 27948 - 13239. Is 12/(-42) + a/7 prime?
False
Let f be 76*(286/8 - 3). Suppose 0 = -5*r - 13 + 38. Suppose 0*d + f = r*w + 2*d, -2*w + 5*d + 984 = 0. Is w composite?
True
Suppose -2527*l = -2533*l + 81138. Is l a prime number?
True
Suppose -6 = 8*d + 10. Is 354 + d*2/(-4) composite?
True
Suppose h + 16 = -h. Let g be 6 + h - (2 + -9). Suppose -4*c + 3*d = -5*c + 30, c + g*d = 24. Is c a prime number?
False
Let s = -10 + -4. Is 1282 - (190/70 - 4/s) prime?
True
Let x(c) = -c**3 + 9*c**2 - 14*c. Let s be x(7). Let a(n) = n**3 + 3*n + 397. Is a(s) a composite number?
False
Let g(i) be the third derivative of -i**4/24 - 2*i**3/3 - 14*i**2. Let k be g(-6). Suppose 2*a + 4*w - 2107 = 971, -4601 = -3*a - k*w. Is a prime?
True
Let p(o) = -2*o - 4. Let b(j) = j + 2. Let i(n) = -5*b(n) - 2*p(n). Let d b